2429?
True
Does 16 divide 15462270?
False
Is 5280700350 a multiple of 2330?
True
Does 74 divide 78175598?
True
Does 33 divide 21845837?
False
Does 13 divide 353944409?
True
Does 287 divide 63588139?
False
Is 36137500 a multiple of 49?
True
Does 1808 divide 62885856?
True
Does 8 divide 166005257?
False
Is 15 a factor of 198976815?
True
Is 269001184 a multiple of 68?
False
Is 465118820 a multiple of 4?
True
Is 194742144 a multiple of 24?
True
Is 5205 a factor of 2599356180?
True
Is 7 a factor of 118210659?
True
Is 24 a factor of 9343757?
False
Is 1034465710 a multiple of 46?
True
Does 5559 divide 1415226331?
False
Does 2511 divide 391065651?
True
Does 31 divide 298353455?
True
Is 9 a factor of 1879553221?
False
Is 6 a factor of 140572370?
False
Is 23 a factor of 648422371?
True
Does 1228 divide 332010024?
False
Does 8 divide 31252901?
False
Is 3664 a factor of 1050231638?
False
Does 19 divide 3585066823?
False
Is 11 a factor of 120204412?
False
Is 678 a factor of 995616545?
False
Is 22779461 a multiple of 13?
False
Is 172360566 a multiple of 314?
True
Is 15 a factor of 177524723?
False
Does 50 divide 189699210?
False
Is 189821277 a multiple of 16?
False
Does 6759 divide 757008?
True
Is 3642327265 a multiple of 683?
False
Is 123 a factor of 56324650?
False
Is 3431 a factor of 128839124?
False
Is 2927021 a multiple of 165?
False
Is 65190551 a multiple of 103?
False
Does 18 divide 258124500?
True
Is 16 a factor of 198150224?
True
Is 207 a factor of 91156176?
True
Is 4708915275 a multiple of 5448?
False
Does 59 divide 260796992?
True
Is 180 a factor of 6502246?
False
Does 1508 divide 3569436?
True
Does 8 divide 32684492?
False
Is 12196901 a multiple of 324?
False
Is 6729905 a multiple of 35?
True
Is 11 a factor of 306233300?
False
Is 105 a factor of 730179555?
True
Is 211143904 a multiple of 32?
True
Does 61 divide 1853399373?
False
Does 14 divide 900993716?
True
Is 13730751 a multiple of 78?
False
Does 1133 divide 47446641?
True
Does 28 divide 27020583?
False
Does 3832 divide 2604326832?
True
Does 349 divide 819303326?
True
Is 40 a factor of 160149720?
True
Does 16 divide 46205648?
True
Is 40842984 a multiple of 104?
True
Is 6475420 a multiple of 20?
True
Is 31 a factor of 2103647848?
True
Does 589 divide 43485012?
False
Is 487605654 a multiple of 5768?
False
Does 29 divide 769949296?
False
Does 49 divide 12441975?
False
Is 2784 a factor of 297535708?
False
Does 15 divide 915387670?
False
Does 12 divide 1209160870?
False
Is 88763325 a multiple of 3?
True
Is 383264892 a multiple of 3942?
True
Is 2 a factor of 22375107?
False
Is 85 a factor of 30778075?
True
Is 634 a factor of 267757220?
True
Is 324512640 a multiple of 576?
True
Is 591 a factor of 880063703?
False
Is 1812 a factor of 209291860?
False
Is 52797496 a multiple of 45?
False
Is 20540982 a multiple of 14?
True
Does 6 divide 172142293?
False
Is 786930641 a multiple of 89?
False
Is 3115160551 a multiple of 59?
False
Is 395 a factor of 67766578?
False
Is 1760 a factor of 1160044638?
False
Is 42252576 a multiple of 182?
False
Is 479086 a multiple of 5?
False
Is 401645250 a multiple of 135?
True
Is 285877872 a multiple of 1008?
True
Is 108360638 a multiple of 20?
False
Is 19265830 a multiple of 6?
False
Does 555 divide 90823530?
True
Does 11480 divide 954389800?
True
Does 10 divide 1049230552?
False
Is 514525122 a multiple of 17?
False
Is 100 a factor of 44888761?
False
Does 1296 divide 791925984?
True
Is 48 a factor of 9964368?
True
Is 1802176972 a multiple of 3171?
False
Is 5358 a factor of 1575905676?
True
Is 124209219 a multiple of 18?
False
Is 49785716 a multiple of 2076?
False
Does 384 divide 53219896?
False
Does 4425 divide 1997723775?
True
Is 179366080 a multiple of 5?
True
Is 815768165 a multiple of 10?
False
Is 16 a factor of 86229296?
True
Is 851772102 a multiple of 53?
False
Is 104 a factor of 28063984?
True
Is 7 a factor of 5552845?
False
Is 834468000 a multiple of 500?
True
Does 12798 divide 4585795066?
False
Is 3 a factor of 214526372?
False
Is 103449008 a multiple of 26?
True
Does 298 divide 156872?
False
Is 247351096 a multiple of 1303?
True
Is 27202896 a multiple of 36?
True
Does 29 divide 56396909?
True
Is 178 a factor of 57888982?
True
Is 185 a factor of 114169036?
False
Is 1305038 a multiple of 2?
True
Is 1415907332 a multiple of 411?
False
Does 43 divide 1408121?
True
Does 199 divide 21260165?
True
Is 713021024 a multiple of 1099?
False
Is 818247122 a multiple of 1102?
True
Is 497097530 a multiple of 1022?
False
Does 123 divide 2466723325?
False
Does 156 divide 1853436?
True
Does 11 divide 1366353659?
True
Is 685 a factor of 1243760527?
False
Does 3421 divide 1011552069?
True
Is 866 a factor of 14690914?
False
Does 5 divide 833010?
True
Is 25554547 a multiple of 57?
False
Is 253793507 a multiple of 1093?
True
Is 33 a factor of 51222569?
False
Does 289 divide 390352300?
True
Is 1320119503 a multiple of 11?
False
Is 247 a factor of 177907678?
True
Is 86 a factor of 153811000?
True
Is 2734565 a multiple of 60?
False
Does 1813 divide 545596705?
False
Is 182725920 a multiple of 32?
True
Is 11 a factor of 14578773?
True
Is 19 a factor of 60466531?
True
Does 47 divide 27415384?
False
Does 51 divide 2071417122?
True
Does 123 divide 23635295?
False
Is 1940 a factor of 1211485266?
False
Is 15557784 a multiple of 372?
True
Is 16 a factor of 19668480?
True
Is 93927860 a multiple of 2990?
True
Is 348 a factor of 427119177?
False
Is 32 a factor of 13128480?
True
Is 8 a factor of 2613262112?
True
Does 240 divide 1657380480?
True
Is 102302060 a multiple of 7?
True
Is 4 a factor of 1455434668?
True
Does 236 divide 31163275?
False
Is 123 a factor of 124118316?
True
Does 852 divide 352539708?
True
Does 111 divide 3360442860?
True
Does 142 divide 36880157?
False
Is 3689510 a multiple of 6?
False
Does 13 divide 189339579?
True
Is 148 a factor of 628540175?
False
Is 1882 a factor of 39378151?
False
Is 4017657 a multiple of 147?
True
Is 311652533 a multiple of 9?
False
Does 10 divide 2102050?
True
Is 596 a factor of 769819855?
False
Does 138 divide 865353978?
True
Is 7133616 a multiple of 1011?
True
Is 8807358 a multiple of 58?
True
Is 1672119871 a multiple of 9?
False
Is 180984132 a multiple of 796?
True
Is 39304759 a multiple of 13?
True
Is 469966234 a multiple of 720?
False
Is 7 a factor of 237511020?
False
Does 214 divide 3262268?
False
Is 179 a factor of 1522037?
True
Does 147 divide 301680162?
True
Does 72 divide 826447722?
False
Is 46 a factor of 2014732196?
True
Is 9765 a factor of 1299907035?
True
Is 121 a factor of 4671124535?
True
Does 9 divide 33213644?
False
Does 17 divide 322964793?
True
Is 68 a factor of 88367904?
True
Is 5602282 a multiple of 119?
True
Is 1201 a factor of 1563481329?
False
Is 386757 even?
False
Does 12 divide 174838884?
True
Does 6 divide 10151094?
True
Is 2149714091 a multiple of 180?
False
Does 25 divide 26476625?
True
Is 35011032 a multiple of 1084?
True
Does 38 divide 28041971?
False
Does 4 divide 8720895?
False
Is 164 a factor of 47914332?
False
Is 38 a factor of 93787920?
False
Is 93793880 a multiple of 668?
True
Is 64888000 a multiple of 160?
True
Is 44 a factor of 674973213?
False
Does 15 divide 31528303?
False
Does 1230 divide 22590180?
True
Is 59 a factor of 1659670?
True
Is 796563828 a multiple of 108?
True
Is 297526700 a multiple of 50?
True
Does 290 divide 98581150?
True
Is 49641870 a multiple of 510?
True
Is 9 a factor of 989557713?
True
Is 5 a factor of 15975502?
False
Is 132 a factor of 3003395?
False
Is 207540 a multiple of 2?
True
Does 388 divide 47995948?
False
Does 1266 divide 395240136?
True
Is 916571479 a multiple of 4001?
False
Is 174471016 a multiple of 6877?
False
Is 2 a factor of 14913753?
False
Is 8379392 a multiple of 8?
True
Does 6 divide 50026040?
False
Is 322342256 a multiple of 127?
True
Is 5 a factor of 317418341?
False
Does 1001 divide 6044819606?
False
Is 140019599 a multiple of 214?
False
Does 40 divide 1187650160?
True
Is 152909192 a multiple of 12?
False
Does 665 divide 26846051?
False
Is 438 a factor of 1031977056?
True
Does 80 divide 3198800?
True
Is 2041674375 a multiple of 4875?
True
Is 21 a factor of 7204191?
False
Is 10065 a factor of 2477358840?
True
Is 30690426 a multiple of 78?
True
Is 5 a factor of 440100500?
Tr